r of 8 and j?
8
Suppose g + 2*m = 3*g - 74, -2*m + 6 = 0. Calculate the greatest common divisor of 360 and g.
40
Suppose -4*i + 5*a + 28 = 0, -7*i + 2*i + 80 = 5*a. Let q(o) = -o**2 - 18*o - 26. Let v be q(-14). What is the greatest common factor of i and v?
6
Let u(y) = -y**3 - 17*y**2 + y + 65. Let b be u(-17). What is the greatest common factor of 64 and b?
16
Suppose 0 = g + 2*l - 144, -2*g + 0*l + 315 = -5*l. Suppose g = 3*d + 2*d. Calculate the highest common divisor of 210 and d.
30
Let l(u) = 31*u**3 - 4*u**2 - 3*u + 1. Let p be l(1). What is the highest common factor of 125 and p?
25
Suppose -1892 = -3*j - l, 3*j - 3*l = 588 + 1320. What is the highest common divisor of 12 and j?
4
Suppose -3 - 21 = -3*t. Suppose 0 = -r + t + 80. Suppose 2*j = j + r. What is the highest common divisor of j and 22?
22
Suppose -9*v + 6*v = -18. Let m be (3 + (-32)/12)*3*24. Calculate the greatest common factor of m and v.
6
Let n(w) = -3*w - 128. Let s be n(-43). What is the highest common factor of s and 25?
1
Let g(h) = -h**3 + 10*h**2 - 3*h + 6. Let u be (-364)/(-49) - 12/(-21). Let i be g(u). Calculate the greatest common divisor of i and 10.
10
Let a = -116 + 153. Let z = 11 - -100. Calculate the greatest common divisor of a and z.
37
Let p = -193 + 253. What is the highest common divisor of p and 150?
30
Let f(q) = q**3 + q**2 - 2*q. Let z be f(1). Let l be (z + 0 - 2)*-14. What is the greatest common factor of 98 and l?
14
Suppose 15 + 62 = 2*v - 3*k, -2*k = -4*v + 174. Calculate the highest common factor of v and 299.
23
Let v be 460/322 + 95/7. What is the highest common divisor of 915 and v?
15
Suppose 0 = -m - 3*l - 25, -2*m + 4*l = -m + 53. Let o = -28 - m. Calculate the highest common factor of 3 and o.
3
Let a(m) = -7*m + 66. Let i be a(-6). Calculate the greatest common divisor of 144 and i.
36
Let r be (-2)/6*(-3)/2*14. Let n(b) = 6*b - 15. Let y be (-4)/(-3)*36/8. Let p be n(y). Calculate the highest common factor of p and r.
7
Let k = 64 - 12. Let v = -521 - -885. What is the highest common divisor of v and k?
52
Suppose -w = -3*w + 4. Let n(s) = 8*s - s**2 - 4*s**2 - 8 + 4*s**w. Let i be n(4). What is the greatest common factor of 1 and i?
1
Let s be 12*(42 - -5) + -3. Let a be ((-52)/(-5) + (-4)/20)*5. What is the greatest common factor of a and s?
51
Let z(v) = -v**3 - 2*v**2 - 2*v + 4. Suppose 3*i + 17 = -2*f - 5, -14 = 2*i + f. Let c be z(i). What is the highest common divisor of 40 and c?
40
Let y = -123 + -141. Suppose 5*x + 2*v + 426 = -313, -2*v + 602 = -4*x. Let b = x - y. Calculate the highest common factor of 46 and b.
23
Suppose 8*v + 2728 - 7832 = 0. What is the greatest common divisor of v and 58?
58
Let v = -74 + 52. Let x be 29/4 + (v/(-8) - 3). What is the greatest common factor of 56 and x?
7
Let s be (-296)/(-9) + 13/117. Let b = s + -31. What is the greatest common factor of b and 4?
2
Let i(v) = v**2 - 2*v + 5. Let b be i(4). Suppose 0 = -3*h + 6, 7*w - 2*h - 48 = 3*w. Calculate the greatest common factor of b and w.
13
Suppose 3*t - 434 = -5*i + 109, 2*t - 436 = -4*i. Calculate the greatest common factor of 111 and i.
111
Let y = -362 + 439. What is the greatest common divisor of 187 and y?
11
Suppose -2*c = 2*z + 3*c - 135, -4*z + 225 = -5*c. What is the highest common factor of z and 12?
12
Suppose u = -u. Suppose m - 53 + 9 = u. Suppose w + w = m. Calculate the highest common factor of 88 and w.
22
Let u = 81 - 39. Let f = u - 19. What is the highest common divisor of 69 and f?
23
Let p(q) = q**2 + 6*q + 5. Let v be p(5). Let w be -4 + -93*(-11)/3. Let y = 487 - w. Calculate the greatest common factor of v and y.
30
Let f(q) = -q**3 - 5*q**2 - 7*q - 10. Let l be f(-4). Suppose -l*t - 4 + 50 = 0. Suppose -t - 4 = -3*b. Calculate the greatest common factor of b and 72.
9
Let w = -513 - -522. What is the greatest common divisor of 63 and w?
9
Suppose 9*a - 35 - 1189 = 0. What is the greatest common factor of 24 and a?
8
Let m(f) = -38*f**3 - f**2 + 5*f + 24. Let o be m(-3). Calculate the greatest common factor of 38 and o.
38
Let u be (219 - 0) + (-28)/(-14). Suppose -4*c = 2*g - 6*c - 82, 0 = 5*g - c - u. Let w = -9 + 27. What is the highest common divisor of w and g?
9
Suppose -2*i + 2 + 8 = 0. Let w = -9 + i. Let p be (-1)/w - (-76)/16. Calculate the highest common divisor of 15 and p.
5
Suppose 0 = -y + t + t - 252, 3*y = -3*t - 711. Let n be (-5)/20 - y/8. What is the highest common divisor of 40 and n?
10
Let c = -63 - -171. Calculate the highest common divisor of 12 and c.
12
Let k(f) = f**3 - 18*f**2 + 18*f - 12. Let p be k(17). Suppose 0 = -5*x - v + 16, -4 = -x + 4*v - p. What is the highest common factor of x and 9?
3
Let p(o) = o**2 + 11*o + 20. Let f be p(-20). Suppose 7*y = 94 + f. What is the highest common factor of y and 14?
14
Let y(h) = h**3 + 4*h**2 + h + 1. Let a be y(-4). Let x be (4 - 2)*-2*(-2 - 1). Let o = x - a. What is the highest common divisor of 120 and o?
15
Let r be -7*4*(20/28 + -1). What is the highest common factor of r and 72?
8
Suppose 5*a = 2*i + 3180, 0 = 3*a - i - 388 - 1521. What is the greatest common divisor of a and 77?
11
Suppose -2*r = -237 - 183. What is the greatest common factor of r and 84?
42
Let m(p) = p**2 - 2. Let x be m(-2). Suppose x*h + 6 = h. Let n be -4 + h*(-4)/4. Calculate the highest common divisor of 22 and n.
2
Let b be (2 - 17/7) + (-1800)/(-84). Calculate the greatest common divisor of b and 91.
7
Suppose -5*u + u = -300. Let f be (-740)/(-9) + 2/(-9). Suppose 4*h = f + 38. What is the highest common divisor of h and u?
15
Suppose -5*o - 41 - 456 = -a, -4*a = -o - 2045. What is the highest common divisor of a and 16?
16
Let b(t) = t**3 + 17*t**2 - 11*t + 92. Let g be b(-17). What is the greatest common divisor of g and 31?
31
Let u(z) = 21*z + 16. Let p be u(4). Let k be (72/(-60))/(1 - 102/p). What is the greatest common factor of 15 and k?
15
Let l be (9 - 8)*(5 + 1)*4. Calculate the highest common factor of 4 and l.
4
Let q(s) = 4*s - 4. Suppose 0 = -4*z + 5*z - 3. Let p be q(z). What is the greatest common factor of p and 88?
8
Let c = -57 - -108. What is the highest common factor of c and 51?
51
Suppose 0 = 4*y - 0*y - 20, 3*y - 15 = 4*r. Suppose 11*t - 4*t - 175 = r. Calculate the highest common divisor of 10 and t.
5
Let b(h) = -10*h - 46. Let x be b(-5). Let d be (-2)/(-5) - (-168)/5. Let q = d + -22. What is the highest common factor of x and q?
4
Let y = -352 + 550. Calculate the highest common divisor of y and 44.
22
Suppose 0*z + 6*z = 510. Let q = z - 28. Calculate the highest common factor of q and 19.
19
Let o = -1539 - -1573. Suppose 4*f = 4*t - 1364, t = -5*f + 3*f + 338. Calculate the highest common divisor of o and t.
34
Let q = -1161 + 1311. Calculate the greatest common factor of q and 60.
30
Let i = 146 + -98. Let b be ((-174)/(-4))/(12/(-16)). Let c be b/(-5) - (-4)/10. What is the highest common factor of i and c?
12
Suppose 4 - 3 = -f. Let c(i) = -22*i + 1. Let j be c(f). Let o = -120 - -189. What is the greatest common factor of j and o?
23
Let y be -8*(-1)/2 - -1. Suppose l - 20 = -3*l. Suppose l*n - 1 - 4 = 0. What is the greatest common factor of y and n?
1
Suppose 3*t - 75 = 2*t. Suppose 5*w - 3*q = -108, -3*w - q = 3*q + 59. Let b = w - -51. Calculate the greatest common divisor of b and t.
15
Let y(f) = 4*f - 2 + 1 - 7. Let m be y(3). Suppose -3*n = -k - 4, -3*k + m*n - 2*n = -2. Calculate the highest common divisor of k and 10.
2
Let q be ((-16750)/(-201))/(1/((-3)/(-2))). Calculate the greatest common divisor of 25 and q.
25
Suppose 0*o + 4*o = -3*l + 10, -2 = -o - l. Suppose 6*z = 32 + o. Calculate the greatest common factor of 9 and z.
3
Suppose 337 = 95*w - 94*w - d, 3*w - 2*d - 1014 = 0. Calculate the highest common divisor of 80 and w.
20
Suppose 4*r = 15*v - 20*v + 368, 0 = 5*r - 3*v - 460. What is the highest common factor of 598 and r?
46
Let a(r) = 8*r**2 + 6*r - 5. Let s be a(-5). Suppose 2*i - 3 = i. Suppose i*l - 30 = l. What is the highest common factor of l and s?
15
Let b be 1/(-3) + (-57)/(-9). Suppose 7*q = 10*q - 108. Suppose q = -4*c + b*c. Calculate the highest common factor of 45 and c.
9
Suppose 57 + 163 = 20*u. Let r = -153 - -296. What is the highest common divisor of r and u?
11
Let s(